975 and 195?
195
What is the highest common divisor of 190 and 10?
10
What is the highest common divisor of 507 and 39?
39
What is the highest common factor of 1676 and 8?
4
What is the highest common divisor of 504 and 30?
6
Calculate the greatest common factor of 125 and 25.
25
What is the highest common divisor of 105 and 455?
35
Calculate the greatest common divisor of 1323 and 2079.
189
What is the greatest common factor of 17 and 731?
17
What is the greatest common factor of 64753 and 26?
13
What is the highest common divisor of 21 and 147?
21
What is the highest common divisor of 35 and 1015?
35
Calculate the highest common factor of 4 and 548.
4
Calculate the greatest common divisor of 32 and 89248.
32
Calculate the greatest common factor of 24 and 192.
24
Calculate the highest common factor of 9340 and 20.
20
What is the greatest common factor of 153 and 387?
9
What is the highest common factor of 21 and 4683?
21
Calculate the highest common divisor of 26590 and 10.
10
Calculate the greatest common divisor of 1386 and 252.
126
What is the highest common divisor of 75 and 9700?
25
What is the greatest common factor of 21 and 210?
21
Calculate the highest common divisor of 60 and 252.
12
Calculate the highest common factor of 2442 and 66.
66
Calculate the greatest common factor of 4 and 196.
4
Calculate the highest common factor of 17 and 1853.
17
What is the greatest common divisor of 1305 and 90?
45
Calculate the highest common divisor of 70 and 10.
10
What is the highest common factor of 4 and 435?
1
What is the greatest common factor of 92 and 184?
92
What is the highest common divisor of 60 and 45?
15
Calculate the highest common factor of 6259 and 11.
11
What is the highest common factor of 17 and 799?
17
What is the highest common factor of 1079 and 39?
13
What is the highest common divisor of 128 and 40?
8
Calculate the greatest common divisor of 4288 and 134.
134
What is the highest common factor of 10508 and 148?
148
What is the highest common divisor of 146340 and 10?
10
What is the greatest common divisor of 232 and 3828?
116
What is the highest common divisor of 181 and 5?
1
What is the greatest common factor of 124 and 279?
31
Calculate the greatest common divisor of 1696 and 464.
16
What is the greatest common divisor of 11110 and 50?
10
What is the highest common divisor of 32 and 304?
16
What is the greatest common factor of 88 and 25784?
88
Calculate the highest common divisor of 3333 and 33.
33
What is the highest common divisor of 576 and 108?
36
Calculate the highest common divisor of 96 and 144.
48
What is the greatest common divisor of 32 and 736?
32
Calculate the greatest common divisor of 72 and 8.
8
Calculate the highest common factor of 75 and 625.
25
Calculate the highest common factor of 42 and 248.
2
Calculate the highest common factor of 396 and 10908.
36
Calculate the highest common divisor of 126 and 1008.
126
Calculate the highest common divisor of 612 and 72.
36
Calculate the greatest common divisor of 156 and 546.
78
Calculate the highest common factor of 108 and 576.
36
What is the greatest common divisor of 5526 and 18?
18
What is the highest common divisor of 3230 and 34?
34
What is the highest common factor of 24725 and 172?
43
Calculate the highest common factor of 1333 and 31.
31
Calculate the highest common factor of 640 and 110.
10
Calculate the greatest common divisor of 144 and 848.
16
Calculate the highest common factor of 23 and 9131.
23
What is the highest common divisor of 28275 and 145?
145
Calculate the greatest common factor of 39045 and 285.
285
What is the greatest common divisor of 19 and 171?
19
What is the highest common factor of 171 and 1089?
9
Calculate the greatest common factor of 616 and 264.
88
What is the greatest common divisor of 288 and 336?
48
What is the highest common factor of 6 and 98?
2
Calculate the highest common factor of 138 and 3.
3
What is the highest common divisor of 4928 and 1694?
154
What is the greatest common factor of 20 and 40?
20
Calculate the greatest common factor of 98 and 28.
14
Calculate the highest common factor of 340 and 204.
68
Calculate the greatest common divisor of 854 and 122.
122
What is the greatest common divisor of 22504 and 464?
232
Calculate the highest common factor of 240 and 3456.
48
What is the highest common factor of 51 and 408?
51
Calculate the greatest common factor of 16460 and 20.
20
Calculate the highest common factor of 1392 and 609.
87
Calculate the greatest common factor of 18103 and 86.
43
What is the highest common factor of 166 and 3403?
83
Calculate the highest common divisor of 45 and 505.
5
Calculate the greatest common divisor of 480 and 45.
15
What is the greatest common divisor of 68 and 108?
4
Calculate the greatest common divisor of 87 and 3.
3
What is the highest common factor of 279 and 62?
31
Calculate the highest common divisor of 272 and 323.
17
What is the greatest common factor of 6578 and 39?
13
What is the highest common divisor of 176 and 22?
22
Calculate the greatest common divisor of 12 and 30.
6
Calculate the highest common factor of 189 and 14.
7
Calculate the greatest common divisor of 14963 and 13.
13
What is the highest common divisor of 322 and 14?
14
Calculate the highest common divisor of 1209 and 39.
39
Calculate the highest common divisor of 64 and 112.
16
Calculate the greatest common divisor of 162 and 306.
18
Calculate the highest common factor of 328 and 246.
82
What is the highest common factor of 234 and 66?
6
Calculate the greatest common factor of 375 and 4250.
125
What is the highest common factor of 1830 and 210?
30
Calculate the greatest common divisor of 815 and 5.
5
Calculate the highest common factor of 33 and 5115.
33
Calculate the highest common factor of 344 and 14018.
86
Calculate the highest common divisor of 63 and 279.
9
Calculate the greatest common divisor of 84 and 567.
21
Calculate the greatest common factor of 14863 and 167.
167
Calculate the highest common factor of 161 and 1081.
23
What is the highest common factor of 279 and 775?
31
What is the greatest common divisor of 169 and 65?
13
Calculate the greatest common divisor of 121 and 33.
11
Calculate the highest common divisor of 21 and 504.
21
Calculate the highest common factor of 113 and 31188.
113
What is the highest common divisor of 64 and 6976?
64
What is the greatest common factor of 2 and 58?
2
What is the greatest common factor of 10 and 14?
2
Calculate the highest common factor of 75 and 3.
3
What is the highest common divisor of 60 and 16?
4
Calculate the highest common divisor of 1974 and 42.
42
Calculate the highest common factor of 2992 and 88.
88
Calculate the highest common factor of 30 and 34755.
15
Calculate the highest common divisor of 49 and 7.
7
Calculate the highest common divisor of 18 and 153.
9
What is the highest common divisor of 8180 and 5?
5
Calculate the highest common divisor of 8262 and 81.
81
What is the greatest common divisor of 6853 and 77?
77
What is the greatest common factor of 61 and 1?
1
What is the greatest common divisor of 1176 and 48?
24
Calculate the greatest common divisor of 45 and 1251.
9
Calculate the greatest common factor of 43 and 172.
43
Calculate the highest common divisor of 517 and 47.
47
Calculate the highest common divisor of 161 and 253.
23
What is the greatest common divisor of 536 and 16?
8
What is the highest common divisor of 22 and 3058?
22
What is the highest common divisor of 975 and 130?
65
What is the greatest common factor of 50 and 850?
50
Calculate the highest common divisor of 4280 and 80.
40
What is the greatest common divisor of 118556 and 428?
428
Calculate the greatest common divisor of 124 and 3596.
124
Calculate the greatest common factor of 196 and 364.
28
What is the highest common divisor of 5440 and 85?
85
Calculate the greatest common divisor of 248 and 56.
8
What is the greatest common factor of 72 and 816?
24
Calculate the highest common divisor of 1144 and 440.
88
What is the greatest common divisor of 20 and 1730?
10
What is the greatest common divisor of 26 and 325?
13
What is the highest common divisor of 800 and 512?
32
Calculate the highest common factor of 15 and 555.
15
What is the greatest common factor o